 z be y(1). Suppose -7*s - 4*t = -2*s - 616, -104 = -s + 4*t. Let o = s - -41. What is the greatest common factor of o and z?
23
Suppose 46*x = 41*x + 170. Let y(u) = 2*u - 36. Let p be y(x). Calculate the highest common divisor of 24 and p.
8
Let h be (-1 - 0)/((-16)/4272). Suppose 0 = 2*a + p - 141, 0 = 3*a + a - 3*p - h. What is the greatest common divisor of 69 and a?
69
Suppose f + 4*w - 272 = 0, -f = 2*w + w - 267. Suppose 0 = f*q - 257*q + 445. What is the highest common factor of 801 and q?
89
Let t(m) = 29*m**2 - 3*m + 4. Let x(g) = -g**3 + g**2 + 15*g - 9. Let r be x(4). Let q be t(r). Calculate the highest common divisor of q and 32.
32
Let g be (-1448)/2*30/(-60). Let x = g + -74. What is the highest common factor of 36 and x?
36
Suppose -88 = 37*w - 39*w. Let t be 1*(2 + (-6)/3). Suppose t = 4*p - 143 - 33. Calculate the greatest common factor of p and w.
44
Let y(o) = 682*o**3 - 6*o**2 + o + 3. Suppose 3*h - 6 = -j, 5*h - 3*j = -0 - 4. Let p be y(h). Calculate the greatest common divisor of p and 40.
40
Suppose -13*q + 93 = -804. Let z = -578 - -394. Let j be (7/(-14))/(2/z). What is the highest common divisor of j and q?
23
Suppose 0 = 2*b - 4, -4*j - 57*b = -62*b - 506. Calculate the highest common factor of 946 and j.
43
Let l be 130/4*534/(-135)*-9 + 4. What is the highest common divisor of l and 43?
43
Let f(c) be the second derivative of 25/2*c**2 - 2*c + 0 + 1/6*c**3. Let x be f(-11). What is the highest common factor of 42 and x?
14
Let m(y) be the first derivative of y**4/4 - y**3 - 5*y**2/2 + 59*y + 14. Let c be m(5). What is the highest common factor of c and 21?
21
Let m(b) = 31 + 5*b**2 - 10*b + 13 - 58. Let h be m(4). Calculate the highest common divisor of 208 and h.
26
Suppose 433 = -3*p + 442. Suppose -p*q = r - 44, -36 = -2*q - 5*r - 11. What is the greatest common factor of q and 465?
15
Let d = 80 - 86. Let f be (114/(-8))/(0 + d/80). Calculate the highest common divisor of f and 76.
38
Let a = 660 + -653. Let o = -174 + 27. Let q be (o/(-6))/((-2)/(-4)). Calculate the greatest common divisor of q and a.
7
Let q be -1280 + 1300 + 4*116. Let z(f) = 8*f - 8. Let m be z(-6). Let p = 100 + m. Calculate the greatest common divisor of q and p.
44
Suppose f + 5*r = 264, 0*f + 561 = 2*f - r. Let s(v) = -4*v**3 + 6*v**2 + 82*v - 51. Let i be s(5). Calculate the highest common divisor of i and f.
9
Let u(c) = -3*c + 6. Let z be u(-3). Suppose 0 = -10*m + 218 - 128. Calculate the greatest common divisor of z and m.
3
Suppose 48 = 3*o + o. Suppose 0 = 2*i + 4, 4*c + 5*i + 680 = -98. Let m = -108 - c. Calculate the highest common divisor of m and o.
12
Let v be (3 - (-1 - -5))*(0 + 0). Suppose v = -5*j + 2*g - 0*g + 310, 3*j - 3*g - 177 = 0. Calculate the highest common factor of j and 160.
32
Suppose 39*p - 34*p = 0. Suppose p = 26*y - 29*y + 108. What is the highest common factor of 54 and y?
18
Suppose -1266 = 30*o - 33*o. Suppose 6 = -3*z, -w - w + o = -4*z. What is the greatest common divisor of 46 and w?
23
Suppose 3*f - 25 = -2*p, -2*f + 4*p - 3*p + 5 = 0. Suppose 3*t - v = v + 58, -49 = -4*t - 3*v. Let x = t - f. What is the greatest common factor of x and 1?
1
Let l be (-35)/(-14)*1/((-3)/(-276)). Let z = l - 131. Calculate the greatest common factor of z and 11.
11
Suppose 9*g + 22*g = g. Suppose -39*m + 1092 - 156 = g. Let v(a) = -9*a - 2. Let u be v(-2). Calculate the highest common factor of u and m.
8
Suppose 33*k + 10 = 38*k, 3*p = -2*k + 19. Suppose -3*u - 47 = -p*f + 330, -4*f = -u - 303. Calculate the greatest common factor of f and 95.
19
Let d = -167 + 292. Suppose -4*a + d + 51 = 0. What is the greatest common factor of a and 66?
22
Suppose 0 = -5*y - 2*b + 1154 + 156, -524 = -2*y + b. Suppose -1018 = -3*v - y. Suppose 183*s = 186*s - 84. Calculate the greatest common divisor of v and s.
28
Suppose 4*p - 5*s = -57, 2*s - 33 - 33 = 4*p. Let o be (-73 + 1)*(p/(-24) + -2). Calculate the highest common divisor of 144 and o.
18
Let g(d) = d**3 - 4*d**2 - 2*d + 64. Let p be g(8). Calculate the highest common factor of 1292 and p.
76
Suppose 4*i - 15*g = -14*g + 37, -18*i + 168 = -4*g. Suppose -125 = -0*b - 5*b. Calculate the greatest common factor of b and i.
5
Let u = -470 - -480. Let t(x) = -x**3 - 5*x**2 - 4*x + 4. Let p be t(-4). Let b be -25*(-8*1)/p. Calculate the greatest common divisor of u and b.
10
Let t be (2/5)/((12/(-1215))/(-4)). Suppose 0 = 20*x - 19*x + 3, -w = 4*x - 231. What is the highest common factor of t and w?
81
Let s(i) = i**3 + 51*i**2 + 116*i - 166. Let c be s(-48). What is the highest common factor of c and 57?
19
Let o(y) = 2*y**2 - 5*y + 3. Suppose 0 = 35*s - 11*s + 240. Let m be o(s). What is the greatest common divisor of 46 and m?
23
Let n(h) = -119*h + 99. Let f(t) = 355*t - 296. Let x(u) = 6*f(u) + 17*n(u). Let p be x(2). What is the highest common factor of 33 and p?
11
Let j(o) = 3*o**2 + 42*o - 7. Let b be j(-14). Let x(h) = h**3 + 7*h**2 - 7*h - 38. Let p be x(b). What is the highest common divisor of p and 539?
11
Let r be (3/2 + -1)*0. Suppose r = 2*w - 9*w + 175. Suppose 28 = 3*q + w. What is the greatest common divisor of 8 and q?
1
Suppose 15 = -3*a, 5*h - 2*a + 3*a = 100. Let x(i) = -h - 10*i - 6*i - 14*i. Let c be x(-7). What is the greatest common factor of 21 and c?
21
Let a(g) = 4*g**2 - 26*g + 26. Let h be a(10). Suppose 0 = -171*k + h*k + 170. What is the greatest common factor of 119 and k?
17
Suppose 6*i = 3*i - 3*h + 69, -4*h + 36 = 2*i. Let z(y) = 13*y - 117. Let g be z(i). Suppose 2*s - 42 = -4. What is the highest common divisor of g and s?
19
Let y = -2624 - -2669. Let d = 8 + 28. What is the highest common factor of d and y?
9
Suppose -62 = 3*a + p, 0 = -a - p - 30 + 6. Let u = 26 + a. Let t(c) = 6*c - 1. Let w be t(6). Calculate the highest common factor of u and w.
7
Let o = 69 - 37. Let b be 1/((-1)/(-6)) - 3. Suppose d + 24*c - 14 = 22*c, -3*c + 3 = -b*d. Calculate the greatest common divisor of d and o.
4
Suppose -5*p + 0*p + 10 = 0. Suppose 5*v = -2*x + 235, 310 = 3*x - 3*v + p*v. Let a be (-10)/15 - 94/(-6). Calculate the greatest common divisor of a and x.
15
Let l(u) = 85*u - 901. Let k be l(11). Calculate the highest common divisor of 13957 and k.
17
Let a(g) = g**2 - 9*g + 812. Let p be a(-32). What is the greatest common factor of p and 48?
12
Suppose 4562 - 2285 = 11*j. What is the greatest common factor of 2829 and j?
69
Let c = 397 + 1241. Calculate the highest common factor of c and 630.
126
Let d = -14 - -71. Let z = -20 + d. Suppose 0*o - 666 = -2*o. What is the highest common divisor of z and o?
37
Let y = -4294 - -4307. Calculate the highest common factor of 325 and y.
13
Let i(u) = -u + 16. Let p be 1 + (-4)/10 + 201/15. Let y be 122/p - 12/(-42). Let f be i(y). Calculate the highest common divisor of 14 and f.
7
Suppose -19*n = -8*n + 1485. Let i = -111 - n. Calculate the highest common divisor of i and 24.
24
Suppose 3*m = 5*x - 2886, 6*m - 6 = 9*m. What is the greatest common divisor of x and 16?
16
Let a(v) = 4*v**2 - 2*v - 20. Let n(c) = -2*c**2 + 3*c + 20. Let y(d) = 2*a(d) + 3*n(d). Let q be y(-10). Calculate the greatest common factor of 102 and q.
34
Let t be ((-54)/(-5))/(1/15). Suppose -325*c - 342*c + 15300 = -242*c. Calculate the greatest common divisor of t and c.
18
Let j(c) = c**3 - 9*c**2 + 16*c - 10. Let u be j(7). Let b be ((-120)/4)/(8/u). Let o be 0 - 4 - b - (1 + -3). Calculate the highest common divisor of 13 and o.
13
Suppose 0 = 23*n - 20*n + 4*b - 5112, 5*b + 8485 = 5*n. Calculate the greatest common factor of 50 and n.
50
Suppose 2*i = 3*i - 53. Suppose 0 = -3*y - 5*u + 1451, -25*y - 1924 = -29*y - 4*u. What is the greatest common factor of i and y?
53
Let o be 2/8*1 - (-26)/(-8). Let p be (-9)/o*-2*(6 + -10). Calculate the greatest common divisor of p and 42.
6
Suppose -l + 910 = 3*u, 3*u - 149*l + 154*l = 890. What is the highest common factor of 183 and u?
61
Let l(m) = 3*m**2 - 16*m - 172. Let r be l(14). What is the greatest common factor of 528 and r?
48
Let z be (-6)/120*-8 - (1 - (-443)/(-5)). Calculate the highest common divisor of 2096 and z.
8
Let a be 8*(-114)/((-15)/5). Suppose 5*b + a = 13*b. What is the greatest common divisor of 418 and b?
38
Let f be 880/(-7) - ((-152)/56 + 3). Let